{"id":278,"date":"2023-02-03T19:02:27","date_gmt":"2023-02-03T17:02:27","guid":{"rendered":"https:\/\/bridgeclubbiterrois.fr\/?page_id=278"},"modified":"2025-08-21T00:36:53","modified_gmt":"2025-08-20T22:36:53","slug":"resultats-du-petit-biterrois-24-25","status":"publish","type":"page","link":"https:\/\/bridgeclubbiterrois.fr\/index.php\/resultats-du-petit-biterrois-24-25\/","title":{"rendered":"Modif. r\u00e9glement, dates 25\/26 &#038; r\u00e9sultats du Petit Biterrois 24\/25"},"content":{"rendered":"<p><a href=\"https:\/\/bridgeclubbiterrois.fr\/wp-content\/uploads\/2025\/07\/Reglement-Chall-du-Soir-S25_26.pdf\">R\u00e8glement Chall du Soir S25_26<\/a><\/p>\n<p>Dates des club inscrits au 11 juillet 2025. Vous y trouverez les propositions de Petit Biterrois<\/p>\n<p><a href=\"https:\/\/bridgeclubbiterrois.fr\/wp-content\/uploads\/2025\/07\/Challenge-du-soir-Dates-S25_26-V-du-19_07.docx\">Challenge du soir Dates S25_26 V du 19_07<\/a><\/p>\n<p>Calendrier des comp\u00e9titions F\u00e9d\u00e9rales avec Ajout les propositions de Petit Biterrois<\/p>\n<p>et les dates des festivit\u00e9s ( Accueil d&rsquo;Amiens, Repas de No\u00ebl, &#8230;<\/p>\n<p><a href=\"https:\/\/bridgeclubbiterrois.fr\/wp-content\/uploads\/2025\/08\/Cal_jcjo_avec-jours-1.xlsx\">Cal_jcjo_avec jours<\/a><\/p>\n<p>********************************************<\/p>\n<p>R\u00e9sultats du Petit Biterrois (Challenge du soir) apr\u00e8s la 10\u00b0 et derni\u00e8re s\u00e9ance du 2 juin 2025.<\/p>\n<p><a href=\"https:\/\/bridgeclubbiterrois.fr\/wp-content\/uploads\/2025\/06\/PB10-detail.pdf\">PB10 de\u0301tail<\/a> <a href=\"https:\/\/bridgeclubbiterrois.fr\/wp-content\/uploads\/2025\/06\/PB10-Classement.pdf\">PB10 Classement<\/a><\/p>\n<table width=\"326\">\n<tbody>\n<tr>\n<td colspan=\"1\" rowspan=\"1\" width=\"206\">Nom<\/td>\n<td colspan=\"1\" rowspan=\"1\" width=\"42\">PP<\/td>\n<td colspan=\"1\" rowspan=\"1\" width=\"46\">Total<\/td>\n<td colspan=\"1\" rowspan=\"1\" width=\"32\">Rang<\/td>\n<\/tr>\n<tr>\n<td colspan=\"1\" rowspan=\"1\">M. Jean Charles OLIVAN<\/td>\n<td colspan=\"1\" rowspan=\"1\">8<\/td>\n<td colspan=\"1\" rowspan=\"1\">92<\/td>\n<td colspan=\"1\" rowspan=\"1\">1<\/td>\n<\/tr>\n<tr>\n<td colspan=\"1\" rowspan=\"1\">M. Luc PANNETIER<\/td>\n<td colspan=\"1\" rowspan=\"1\">8<\/td>\n<td colspan=\"1\" rowspan=\"1\">92<\/td>\n<td colspan=\"1\" rowspan=\"1\">1<\/td>\n<\/tr>\n<tr>\n<td colspan=\"1\" rowspan=\"1\">M. Jean Fran\u00c1ois BURONFOSSE<\/td>\n<td colspan=\"1\" rowspan=\"1\">6<\/td>\n<td colspan=\"1\" rowspan=\"1\">77<\/td>\n<td colspan=\"1\" rowspan=\"1\">3<\/td>\n<\/tr>\n<tr>\n<td colspan=\"1\" rowspan=\"1\">Mme Annie ALBERNY<\/td>\n<td colspan=\"1\" rowspan=\"1\">6<\/td>\n<td colspan=\"1\" rowspan=\"1\">77<\/td>\n<td colspan=\"1\" rowspan=\"1\">3<\/td>\n<\/tr>\n<tr>\n<td colspan=\"1\" rowspan=\"1\">M. Lionel Chanard<\/td>\n<td colspan=\"1\" rowspan=\"1\">4<\/td>\n<td colspan=\"1\" rowspan=\"1\">71<\/td>\n<td colspan=\"1\" rowspan=\"1\">5<\/td>\n<\/tr>\n<tr>\n<td colspan=\"1\" rowspan=\"1\">M. Bruno SAINTECATHERINE<\/td>\n<td colspan=\"1\" rowspan=\"1\">4<\/td>\n<td colspan=\"1\" rowspan=\"1\">69<\/td>\n<td colspan=\"1\" rowspan=\"1\">6<\/td>\n<\/tr>\n<tr>\n<td colspan=\"1\" rowspan=\"1\">M. Jean Jacques RENAUD<\/td>\n<td colspan=\"1\" rowspan=\"1\">2<\/td>\n<td colspan=\"1\" rowspan=\"1\">65<\/td>\n<td colspan=\"1\" rowspan=\"1\">7<\/td>\n<\/tr>\n<tr>\n<td colspan=\"1\" rowspan=\"1\">Mme Marie-Jose FROMONT<\/td>\n<td colspan=\"1\" rowspan=\"1\">2<\/td>\n<td colspan=\"1\" rowspan=\"1\">64<\/td>\n<td colspan=\"1\" rowspan=\"1\">8<\/td>\n<\/tr>\n<tr>\n<td colspan=\"1\" rowspan=\"1\"><\/td>\n<td colspan=\"1\" rowspan=\"1\"><\/td>\n<td colspan=\"1\" rowspan=\"1\"><\/td>\n<td colspan=\"1\" rowspan=\"1\"><\/td>\n<\/tr>\n<tr>\n<td colspan=\"1\" rowspan=\"1\">Nom<\/td>\n<td colspan=\"1\" rowspan=\"1\">PE<\/td>\n<td colspan=\"1\" rowspan=\"1\">Total<\/td>\n<td colspan=\"1\" rowspan=\"1\">Rang<\/td>\n<\/tr>\n<tr>\n<td colspan=\"1\" rowspan=\"1\">M. Patrick Fachon<\/td>\n<td colspan=\"1\" rowspan=\"1\">800<\/td>\n<td colspan=\"1\" rowspan=\"1\">57<\/td>\n<td colspan=\"1\" rowspan=\"1\">1<\/td>\n<\/tr>\n<tr>\n<td colspan=\"1\" rowspan=\"1\">M. Roger Lefolle<\/td>\n<td colspan=\"1\" rowspan=\"1\">800<\/td>\n<td colspan=\"1\" rowspan=\"1\">56<\/td>\n<td colspan=\"1\" rowspan=\"1\">2<\/td>\n<\/tr>\n<tr>\n<td colspan=\"1\" rowspan=\"1\">Mme Beatrice MILLAN<\/td>\n<td colspan=\"1\" rowspan=\"1\">600<\/td>\n<td colspan=\"1\" rowspan=\"1\">55<\/td>\n<td colspan=\"1\" rowspan=\"1\">3<\/td>\n<\/tr>\n<tr>\n<td colspan=\"1\" rowspan=\"1\">Mme Sylvie PAUL<\/td>\n<td colspan=\"1\" rowspan=\"1\">600<\/td>\n<td colspan=\"1\" rowspan=\"1\">52<\/td>\n<td colspan=\"1\" rowspan=\"1\">4<\/td>\n<\/tr>\n<tr>\n<td colspan=\"1\" rowspan=\"1\">M. Gilbert Botet<\/td>\n<td colspan=\"1\" rowspan=\"1\">400<\/td>\n<td colspan=\"1\" rowspan=\"1\">50<\/td>\n<td colspan=\"1\" rowspan=\"1\">5<\/td>\n<\/tr>\n<tr>\n<td colspan=\"1\" rowspan=\"1\">M. Bernard FULCRAND<\/td>\n<td colspan=\"1\" rowspan=\"1\">400<\/td>\n<td colspan=\"1\" rowspan=\"1\">50<\/td>\n<td colspan=\"1\" rowspan=\"1\">5<\/td>\n<\/tr>\n<tr>\n<td colspan=\"1\" rowspan=\"1\">M. Michel TOLRON<\/td>\n<td colspan=\"1\" rowspan=\"1\">200<\/td>\n<td colspan=\"1\" rowspan=\"1\">43<\/td>\n<td colspan=\"1\" rowspan=\"1\">7<\/td>\n<\/tr>\n<tr>\n<td colspan=\"1\" rowspan=\"1\">Mme Danielle GAILLARD<\/td>\n<td colspan=\"1\" rowspan=\"1\">200<\/td>\n<td colspan=\"1\" rowspan=\"1\">37<\/td>\n<td colspan=\"1\" rowspan=\"1\">8<\/td>\n<\/tr>\n<\/tbody>\n<\/table>\n<p>\u00a4\u00a4\u00a4\u00a4\u00a4\u00a4\u00a4\u00a4\u00a4\u00a4\u00a4\u00a4\u00a4\u00a4\u00a4\u00a4\u00a4\u00a4\u00a4\u00a4\u00a4\u00a4\u00a4\u00a4\u00a4\u00a4\u00a4\u00a4\u00a4\u00a4\u00a4\u00a4\u00a4\u00a4\u00a4\u00a4\u00a4\u00a4\u00a4\u00a4\u00a4\u00a4\u00a4\u00a4\u00a4\u00a4\u00a4\u00a4\u00a4<\/p>\n","protected":false},"excerpt":{"rendered":"<p>R\u00e8glement Chall du Soir S25_26 Dates des club inscrits au 11 juillet 2025. Vous y trouverez les propositions de Petit Biterrois Challenge du soir Dates S25_26 V du 19_07 Calendrier [&hellip;]<\/p>\n","protected":false},"author":1,"featured_media":0,"parent":0,"menu_order":0,"comment_status":"closed","ping_status":"closed","template":"","meta":{"_crdt_document":"","footnotes":""},"class_list":["post-278","page","type-page","status-publish","hentry"],"jetpack_sharing_enabled":true,"_links":{"self":[{"href":"https:\/\/bridgeclubbiterrois.fr\/index.php\/wp-json\/wp\/v2\/pages\/278","targetHints":{"allow":["GET"]}}],"collection":[{"href":"https:\/\/bridgeclubbiterrois.fr\/index.php\/wp-json\/wp\/v2\/pages"}],"about":[{"href":"https:\/\/bridgeclubbiterrois.fr\/index.php\/wp-json\/wp\/v2\/types\/page"}],"author":[{"embeddable":true,"href":"https:\/\/bridgeclubbiterrois.fr\/index.php\/wp-json\/wp\/v2\/users\/1"}],"replies":[{"embeddable":true,"href":"https:\/\/bridgeclubbiterrois.fr\/index.php\/wp-json\/wp\/v2\/comments?post=278"}],"version-history":[{"count":20,"href":"https:\/\/bridgeclubbiterrois.fr\/index.php\/wp-json\/wp\/v2\/pages\/278\/revisions"}],"predecessor-version":[{"id":1488,"href":"https:\/\/bridgeclubbiterrois.fr\/index.php\/wp-json\/wp\/v2\/pages\/278\/revisions\/1488"}],"wp:attachment":[{"href":"https:\/\/bridgeclubbiterrois.fr\/index.php\/wp-json\/wp\/v2\/media?parent=278"}],"curies":[{"name":"wp","href":"https:\/\/api.w.org\/{rel}","templated":true}]}}